hat are the prime factors of l?
2, 3
Let p be (-4)/(-3) - 2/6. Suppose 4*f = 3*l + 8, f - 2*l = -l + p. List the prime factors of f.
5
Let i(f) be the first derivative of 2*f**3/3 + 15*f**2/2 + 7*f - 9. What are the prime factors of i(-10)?
3, 19
Let u(h) = -h**2 + 5*h - 4. Let s(y) = -y**3 - 7*y**2 + 9*y + 11. Let r be s(-8). Let m be u(r). What are the prime factors of 4/((0 + m)/4)?
2
Let x be -8 - -220 - 1*2. What are the prime factors of x/49 + (-2)/7?
2
Let i(n) = -n**3 + 3*n**2 + 3*n - 2. Let a be i(4). What are the prime factors of (-26)/a + 1/(-3)?
2
What are the prime factors of (-1958)/(-7) + 0 + 4/14?
2, 5, 7
Suppose -3*t + 5 = 3*f - 16, -17 = -5*f + t. List the prime factors of ((0 - 3)*f)/(-2).
2, 3
Suppose -1048 = -6*h + 2*h. List the prime factors of h.
2, 131
Let n = -5 + 9. Suppose a + n*i = -6 + 26, -2*i = -a + 8. List the prime factors of a.
2, 3
What are the prime factors of (-2 - -4)*163/2?
163
Let m = -1 + 2. Let b = m + -1. Suppose -a + 2 = -b. List the prime factors of a.
2
List the prime factors of (-4)/6 + 106/6.
17
Let j(c) = 5*c**2 + 6*c + 7. What are the prime factors of j(-3)?
2, 17
Let q be 6/(-15) - (-4)/10. Suppose p - 6 + 4 = q. What are the prime factors of p?
2
Let t = 9 - 0. List the prime factors of 14 - (-6)/t*-3.
2, 3
Let r(y) = -14*y**2 + 16*y - 11. Let g(s) = -9*s**2 + 11*s - 7. Let t(f) = -8*g(f) + 5*r(f). What are the prime factors of t(6)?
5
Suppose -4*l + 2*s + 0*s = -1130, l - 3*s = 270. List the prime factors of l.
3, 5, 19
Let q(m) = -56*m. Let j be q(-1). Let b be (-6)/(-4)*j/12. Let c = -5 + b. List the prime factors of c.
2
Let f(s) = -2*s - 3. Let x be f(-3). Suppose 185 = x*b + 2*b. Suppose 0 = -4*y + 5*t + b - 14, 4*y - 4*t = 28. What are the prime factors of y?
2, 3
Let w be 116/(-14) - 12/(-42). What are the prime factors of 106/8 - (-2)/w?
13
Let x = 72 + -21. List the prime factors of x.
3, 17
Suppose -2*a - 1 = -9. Suppose 4*r - a*b = 23 + 17, 2*b - 15 = -3*r. List the prime factors of r.
7
Let o(j) = -j + 45. What are the prime factors of o(-22)?
67
Let g be 12/((15/8)/5). Suppose 4*c - g = -12. List the prime factors of c.
5
Let y = -26 - -12. Let f = 8 + y. Let z = 0 - f. What are the prime factors of z?
2, 3
Suppose -g + i = 4*g - 231, -181 = -4*g - 3*i. Suppose -k = -0*s - s + 20, 3*s - g = -4*k. What are the prime factors of s?
2, 3
Let v = -9 - 8. Let l = 58 + v. List the prime factors of l.
41
What are the prime factors of (10/10 + (-81)/2)*-2?
79
Suppose -3*k = -14 - 31. Suppose -5*z - 5*x = -0*z + 30, z + 3*x = 4. Let y = z + k. List the prime factors of y.
2
Let z be 4/(-14) + 366/(-42). Let r = z - -27. What are the prime factors of r?
2, 3
Let a be 78/5 - (-12)/(-20). Suppose -3*b = -5*w - 8*b + a, 14 = 4*w + 2*b. Let z = 3 + w. What are the prime factors of z?
7
Suppose -o + 192 = t, 6*o = 4*t + o - 795. What are the prime factors of t?
3, 5, 13
List the prime factors of 1/5 + (-408)/(-60).
7
Let z(d) = -3*d + 1. Let t be z(9). What are the prime factors of (4 + -3)*(2 - t)?
2, 7
Let g = -366 - -529. List the prime factors of g.
163
Suppose 6*r = 354 + 84. What are the prime factors of r?
73
Suppose -2*w + n + 9 - 1 = 0, -w + 5*n - 5 = 0. Let d = -3 - -4. What are the prime factors of 5/w*13*d?
13
Suppose 2*t - 5*o = 48, t - o - 21 = -0*o. What are the prime factors of t?
19
Let c(v) = -v**2 + 2*v + 3. Let n be c(3). What are the prime factors of -2 + 1 + 17 - n?
2
Let v(k) = k**3 - k**2 + 2. Let q be v(0). Suppose -q*s + 2*t + 15 = -3, 5*s = -4*t. What are the prime factors of s?
2
Suppose -y - 5 = -8. List the prime factors of y.
3
Let u be (-84)/(-15) + 2/5. Let w(q) = -q**3 + 5*q**2 + 10*q - 8. What are the prime factors of w(u)?
2
Suppose 0 = 2*v - 10, -4*a = 3*v - 41 + 6. Suppose 0 = a*g + s - 42, 2 + 20 = 3*g - s. List the prime factors of g.
2
Suppose 19 + 32 = 3*r. List the prime factors of r.
17
Let r(q) = -13*q - 8. List the prime factors of r(-13).
7, 23
Let v(x) = -19*x. What are the prime factors of v(-2)?
2, 19
Let p(h) = -h**3 + 9*h**2 - 8*h + 11. Suppose 3*o = 5*o - 10. Suppose 0*i = -o*i + 40. What are the prime factors of p(i)?
11
Suppose 585 = 4*a - 3*b + 2, a - 141 = -4*b. What are the prime factors of a?
5, 29
Let k(q) = -q**3 - 4*q**2 - 4*q - 1. List the prime factors of k(-3).
2
Let f = -11 + 6. Let a(t) = -4*t**3 + 3*t**2 + 6*t - 6. Let p(q) = 7*q**3 - 6*q**2 - 12*q + 12. Let l(w) = f*a(w) - 3*p(w). List the prime factors of l(4).
2
Let x be 3 - (5 + -2) - 4. List the prime factors of 1*(-124)/16*x.
31
Suppose -5*y + 27 = -4*f - 7, 2*y + 2*f - 10 = 0. Let c = 17 + y. List the prime factors of c.
23
Suppose 2*f - 5*f + 24 = 0. List the prime factors of (1 - -5)*4/f.
3
Suppose -5*s + 563 = -s - 5*l, 3*l + 9 = 0. What are the prime factors of s?
137
Let y(j) = -j**3 + 5*j**2 + j - 4. Let d be y(5). List the prime factors of (2 + d)/((-2)/(-22)).
3, 11
List the prime factors of 6*((-16)/(-3) - 0).
2
Suppose 0 = 2*m + 5*g - 15 - 9, -4*g + 18 = m. Let o = m - 2. Suppose -5*h = 3*f - 4, 4*h - 16 = -4*f - o*h. List the prime factors of f.
2
Let i = 45 - -86. What are the prime factors of i?
131
Let x = -1 - -2. Let y(q) be the third derivative of q**5/15 - q**4/12 + q**3/6 + 5*q**2. What are the prime factors of y(x)?
3
Let h(t) = -4*t + 1. Let d = -1 + -6. Let a be h(d). Let r = a + -18. What are the prime factors of r?
11
Let w = -6 - 2. Let y be w/36 + (-86)/18. What are the prime factors of 9/(-15)*y/1?
3
List the prime factors of 3/(-6)*8*-5.
2, 5
Suppose -4*t + 57 = 3*v, 9*v + 5*t - 100 = 4*v. Suppose v = f - 5*x, x - 184 = -4*f - 2*x. What are the prime factors of f?
43
Let d(t) = -3*t + 4. Let s(m) = m + 3. Let f be s(-7). Let u(z) = 2*z - 4. Let a(i) = f*d(i) - 5*u(i). List the prime factors of a(3).
2, 5
Suppose 5*d - 2*u = 3*u + 15, 3*u + 6 = 0. Let l = d - 0. Let z(y) = 12*y**3 + y**2 - y. What are the prime factors of z(l)?
2, 3
Suppose i - d - 10 = 0, -d = -4*i + 11 + 14. List the prime factors of i.
5
Let h = -4 + 7. Suppose -5*p - 5*l + 10 = -0*p, 0 = p + h*l + 2. Suppose -3*g - p = -25. What are the prime factors of g?
7
Let j(o) = o**3 + 8*o**2 + 9*o + 2. Let u be j(-6). Suppose u = s - 2*b - 15, 66 = 2*s - 2*b. What are the prime factors of s?
31
List the prime factors of 1/2*-3*20148/(-207).
2, 73
Let r = 55 + -19. What are the prime factors of r?
2, 3
Let a = -59 + 86. What are the prime factors of a?
3
Let o(c) = c**2 + 5*c + 5. Let b be o(-5). Suppose -5*m + 4*q - 782 = 0, 2*q + b - 11 = 0. What are the prime factors of (m/35)/(1/(-5))?
2, 11
Let k be (-1 - -1) + (-6)/3. Let s = 4 + k. List the prime factors of (2/4)/(s/32).
2
Let h(f) = f**2. Let j(a) = -a**2 - 4*a. Let q(c) = 2*h(c) + j(c). List the prime factors of q(8).
2
List the prime factors of 282/(-4)*2/(-3).
47
Let u = 4 - 4. Suppose u = -k + 1 - 8. Let h(o) = -o**3 - 8*o**2 - 8*o + 2. What are the prime factors of h(k)?
3
Let d = -18 + 33. List the prime factors of ((-10)/d)/(4/(-66)).
11
Let r = 234 - 104. What are the prime factors of r?
2, 5, 13
Suppose -3*w + j + 3*j = -79, 2*w + j - 38 = 0. Let s = -6 - w. Let k = 38 + s. List the prime factors of k.
11
Let c = 42 - 18. What are the prime factors of c?
2, 3
Let l = 14 - 10. What are the prime factors of l?
2
Suppose 0 = r - 2*r + 6. Suppose 5*c = 2*c + r. Let z = c - 0. What are the prime factors of z?
2
Suppose -3*n = -x - 105, -3*x + n + 355 = -6*x. What are the prime factors of (-2)/(-4) - x/2?
59
Let i(c) = 11*c**2 - 2*c + 1. Let v = -4 + 5. Let t be i(v). Suppose -b + 12 = -3*n - 2, -b = -5*n - t. What are the prime factors of b?
2, 5
Let t(y) = -y + 7. Let b be t(5). Suppose 0 = b*g - g + 2. Let a = 10 + g. What are the prime factors of a?
2
Let r(x) = -x**2 + 5*x + 8. Let h be r(6). Suppose -5 = 5*o - h*i, o = -o + 5*i - 23. Let n = 7 + o. List the prime factors of n.
2
Let x(k) be the third derivative of k**6/120 + k**5/10 + k**4/24 - 2*k**3/3 - 5*k**2. List the prime factors of x(-4).
2, 3
Let l = -26 - -45. List the prime factors of l.
19
Let o be 25 + 3/9*0. Let m = o + 4. What are the prime factors of m?
29
Let m = 87 - 35. Let y = 80 - m. Let p = y + -14. What are the prime factors of p?
2, 7
Suppose -5*b = -3*b. Suppose 5*c = -b + 10. What are the prime factors of c/(-6) - 102/(-9)?
11
Let y = 11